at is the units digit of f(k)?
1
Let d(a) = -552*a**3 - 3*a - 2. Let u be d(-1). Let h = u - 132. What is the hundreds digit of h?
4
Let z be (5 + -8)*(-10)/6. Suppose 1080 = z*b + b. Suppose -2*d + 40 = -b. What is the units digit of d?
0
Suppose 0 = -5*l - 25, -5*b = 5*l - 681 - 3974. Suppose -5*y = -10, 5*p - 2*y = -b + 2672. What is the tens digit of p?
4
Let k be (-66 - -6)/(-6) - 4. Let c(g) = 144*g + 156. What is the tens digit of c(k)?
2
Let o = -263 + 268. What is the units digit of 1/(12138/(-2428) + o)?
4
Suppose 40*x - 50*x = 70. Let v(c) = -55*c - 85. What is the tens digit of v(x)?
0
Let c(d) = 2*d**2 + 2*d - 2. Let s(o) = -4*o + 38. Let t be s(9). Let g be c(t). Suppose a + 1332 = g*a. What is the units digit of a?
8
Let u be ((-70)/20)/((-2)/8). Suppose 3*v - u = 121. Suppose -q + v = y, -6*y + y + 25 = 0. What is the tens digit of q?
4
Let i(p) = 2*p**2 + 10*p + 90. Let q be i(27). Let s = 2667 - q. What is the hundreds digit of s?
8
Let h(o) = 3*o**2 - 6*o - 24. Let x be h(-8). Suppose -q = 12*t - 16*t - x, -3*t - 648 = -3*q. What is the tens digit of q?
1
Let o(d) = 38*d**2 - 2*d - 44. Let q be o(-4). Suppose -5*i - 4*u + 1036 = -1820, -q = -i - u. What is the hundreds digit of i?
5
Let l(y) = 6*y**2 - 12*y - 19. Suppose 5*x = 4*q + 5 + 34, -4*q - 15 = 3*x. What is the hundreds digit of l(q)?
2
Let b = 247 - 244. Suppose b*a - 733 = k, -a + 243 = -0*a + k. What is the hundreds digit of a?
2
Let v = -309 - -309. Suppose v = -6*b + 2*b - 2*q + 2446, -3*b = -5*q - 1867. What is the tens digit of b?
1
Suppose 4*h + h = 0. Suppose k - 2*s = 2*k - 125, 5*s = 4*k - 565. Suppose h*o - k = -3*r + 5*o, 3*o = -3*r + 111. What is the tens digit of r?
4
Suppose -5*a = 15*t - 11*t - 31043, 0 = -5*a - 5*t + 31040. What is the thousands digit of a?
6
Let t = -66 - -69. Suppose 0 = t*n + 8*g - 12*g - 5212, -3*n - 3*g + 5226 = 0. What is the hundreds digit of n?
7
Suppose -2113 = -3*q - 4*l, 4*q - 2780 = -2*l + 6*l. Suppose d + 2*d = -q. Let v = d + 354. What is the tens digit of v?
2
Let l(t) = 113*t**3 - 53*t**2 + 170*t - 5. What is the hundreds digit of l(3)?
0
Let q be (16/(-32))/(8380/2792 + -3). Let g = q - -559. What is the hundreds digit of g?
2
Let h = 1173 - 653. Suppose 3*j - 197 = h. What is the tens digit of j?
3
Suppose 16*t = -m + 12*t + 18143, -5*m - 2*t + 90607 = 0. What is the ten thousands digit of m?
1
Let q = -117 - -115. What is the tens digit of (2457 - 24)/((-1)/q*6)?
1
Let b = -3111 - -7641. What is the units digit of b?
0
Let k = 24905 + -13143. What is the thousands digit of k?
1
Let i(n) = 73*n**3 + 73*n**2 + 12*n + 40. What is the units digit of i(9)?
8
What is the units digit of -11 + 12 - -9188*1?
9
What is the thousands digit of 14 - (-8759 - (-18 + 26))?
8
Let s = -269 + 273. Suppose s*v - 5*l - 2875 = 0, 0*l + 4*l = v - 727. What is the tens digit of v?
1
Suppose -4*p - 5131 = -4*h - 33899, 0 = 5*h - 3*p + 35956. Let b = -5100 - h. What is the hundreds digit of b?
0
Suppose 16*x - 15650 - 15806 = 0. What is the tens digit of x?
6
Let y = -86 + 83. What is the tens digit of y*(3048/(-18) - 2)?
1
Let g(o) = 23*o - 8 + o**3 + 18 - 21*o + 3*o**2. Let v be g(-3). Suppose -244 = -v*i + 376. What is the hundreds digit of i?
1
Suppose 0*q = 5*l + 2*q - 280, -2*q = 3*l - 172. Let r = l - 54. What is the units digit of 7 + (r + 4 + -2 - 2)?
7
Suppose -w - 3*x = 1, -4*x - 1 = -w + 5. Let f(l) = l**2 + 30 - w*l**2 + 30*l - 55. What is the hundreds digit of f(14)?
1
Let g be (-121)/(-2) + (-2)/(-4)*1. Let z = g + -56. Suppose -z*a - 2*b = -532, -4 = -9*b + 5*b. What is the tens digit of a?
0
Suppose -4*c - 2*x - 67 = 109, -4*c + 4*x - 152 = 0. Let g = -18 - c. What is the units digit of 6*(-3)/g*-76?
7
Suppose -2*b - 44 = 2*x, 7 = -b + 5*x - 3. What is the tens digit of 958*5/b*-2?
7
Let q = -12367 + 24464. What is the units digit of q?
7
Let d(k) = 11*k**3 + 9*k - 4*k**2 - 7 + 15*k**3 - 23 - 23*k**3. What is the hundreds digit of d(4)?
1
What is the ten thousands digit of (-3739250)/(-225) - 4*2/(-72)?
1
Let g be 2 + 399/77 - 2/11. Let z be 118/(1/26*2). Suppose g*c - z + 36 = 0. What is the units digit of c?
4
Let c(v) = 7*v**2 + 13*v + 2. Let l be c(-10). Let f = -361 + l. Suppose m + 3*u = f, 0 = -0*m - 2*m + 5*u + 378. What is the hundreds digit of m?
1
Let s = -377 - -343. Let i = 1206 + s. What is the thousands digit of i?
1
Let w be (-12)/(-36) - 22/3. Suppose 0 = x - 2*r - 50, x - 2*x - 4*r + 56 = 0. Let t = x - w. What is the units digit of t?
9
Let x(a) be the third derivative of a**5/30 - 5*a**4/24 - 5*a**3/2 + a**2. Let o be x(7). Suppose 7*r - 3*r = o. What is the units digit of r?
2
Suppose -3*s = 12, -4*g - 2*s + 0*s + 2544 = 0. Let u = g + -383. What is the units digit of u?
5
Let c = 327 + -863. Let z be (-4 + 2 + 1682)*1/(-2). Let f = c - z. What is the tens digit of f?
0
Suppose -17*v = -2*v - 33450. Suppose 34*f - v = 6270. What is the hundreds digit of f?
2
Suppose 5*o = 3*o - 2220. Let d be (-423)/(-39) + -5 + 2/13. What is the units digit of d/14 + o/(-105)?
1
Let z(d) = d**3 - 68*d**2 - 154*d - 42. What is the hundreds digit of z(72)?
6
Let i(p) be the third derivative of 761*p**4/12 - 31*p**3/3 + 21*p**2. What is the hundreds digit of i(1)?
4
What is the units digit of (-252)/(-135)*(-20)/8*-855?
0
Suppose -3*q = 2*g - 13, 18 = 3*q - 7*g + 4*g. Suppose -z + 264 = q*i, -7*z = -2*z - 2*i - 1320. What is the units digit of z?
4
Suppose -2138 = -y - v + 948, -4*y + 4*v + 12376 = 0. Suppose -2*g - y = -3*n - n, -3*n = -3*g - 2313. What is the units digit of n?
4
Let s = 226 + -330. What is the hundreds digit of 2 + -4 + (-30)/(-10) - s?
1
Suppose -3041*h = -3059*h + 81090. What is the units digit of h?
5
Let n = -171 - -203. Suppose 33*j - n*j - 149 = 0. What is the units digit of j?
9
Suppose 0 = -x, -9*w = -8*w - 5*x - 579. Suppose -3*y = -3*k - w, -5*y - 3*k = -918 - 15. What is the units digit of y?
9
Suppose 0 = 5*r + 2*g - 2410, -3*r = r + 2*g - 1930. Suppose -829 - r = -11*w. What is the units digit of w?
9
Suppose -5*r + 59654 = 4*w, -32125 - 15573 = -4*r + w. What is the ten thousands digit of r?
1
Suppose -3*t - a + 3*a = -14, 5*t - 2*a - 18 = 0. Suppose 3*k - 3*g - 2*g - t = 0, k - 2*g = 0. What is the hundreds digit of (-6813)/(-36) + (-1)/k?
1
Let i = -520 - -517. Let h(p) = -44*p**3 - 5*p**2 - 5*p + 7. What is the thousands digit of h(i)?
1
Let c(y) = -5*y + 34. Let i(z) = -3*z + 2*z - 8*z + 69. Let g(b) = 5*c(b) - 2*i(b). What is the tens digit of g(-9)?
9
Let v(y) = -2*y**3 - 78*y**2 + 148*y + 636. What is the hundreds digit of v(-46)?
4
Let d(k) = -9*k + 756. Let w = -206 - -206. What is the units digit of d(w)?
6
Let g(k) = -7*k + 5. Let i(q) = -8*q + 6. Let h(a) = -5*g(a) + 4*i(a). Suppose -2*u + 4*u - 36 = 0. What is the units digit of h(u)?
3
Suppose 17767 = 2*x - 3*v, -461*v = -460*v + 3. What is the units digit of x?
9
Let b(m) = -m**2 - 18 + 2 - 2*m - 12*m. Let n be b(-13). What is the units digit of 24 + (n - -5) - 3?
3
Let i(l) = 15*l - 15. Let k be i(-24). Let t = -597 - k. Let y = t + 331. What is the units digit of y?
9
Let a(t) = -47*t + 1. Let m(d) = -46*d + 1. Let h(n) = 5*a(n) - 6*m(n). Suppose -29*v = v - 30. What is the tens digit of h(v)?
4
Let x be (158/(-5))/((-2)/(-100)). What is the hundreds digit of 1*-1 + -3*x/10?
4
Suppose -35545 = 229*p - 230*p + 4*n, -5*n = 4*p - 142264. What is the thousands digit of p?
5
Suppose 3*q + q + h = -481, 3*q = 3*h - 342. Let x = q - -95. Let j = x + 88. What is the tens digit of j?
6
What is the units digit of (14/70)/((11 - 6) + (-977648)/195530)?
3
Suppose 4*l = 20, -32*s + l = -27*s + 15. What is the hundreds digit of ((-3)/s)/(4 + (-66290)/16580)?
8
Let v(m) = 44 + 6*m**2 - 67*m - 75*m + 121*m. What is the units digit of v(6)?
4
Suppose 3*h = -2*p + 3628, 4*p + 10*h - 7304 = 12*h. What is the hundreds digit of p?
8
Let i = 83026 + -53376. What is the hundreds digit of i?
6
Suppose -43 + 23 = -4*z. Suppose 5*t = z*p + 600, -5*p = t - 4*t + 366. What is the tens digit of t?
1
Let y(j) = -6*j**3 - 9*j**2 - 20*j - 711. What is the units digit of y(-17)?
6
Suppose -5*l = -8*l + 879. Let f = l - 131. What is the hundreds digit of f?
1
Let z(u) = -2 + 3*u**2 + 7*u + 4*u + 11 - 2*u**2. What is the units digit of z(5)?
9
Let x 